et y(r) = -50*r - 93. Suppose -5*d = 5*g + 20, 3*d - 4 - 8 = g. What is the tens digit of y(g)?
0
What is the ten thousands digit of (11562/105 + 4/14)/((-614)/(-132010))?
2
Suppose -52*q + 3263028 = 139*q + 1171005. What is the tens digit of q?
5
Suppose -8*j + 3*j = 9*j. Suppose j = 3*t - 4*t + 2, 5*t = 2*z - 1210. What is the tens digit of z?
1
Let b(d) be the first derivative of 8*d**3/3 + 3*d**2/2 - 107*d + 104. What is the thousands digit of b(-12)?
1
Let o(x) = 10*x - 9. Let n = 169 - 147. What is the units digit of o(n)?
1
Let b(r) = 16*r + 112. Let t be b(14). Let h = -5 + 7. Suppose -3*g + t = -p, -3*p = -3*g + h*g + 104. What is the units digit of g?
3
Suppose -177919 + 41262 = -10*z + 35583. What is the units digit of z?
4
Let b(m) = 77*m - 277. Let t be b(2). Let u be 242/1 - (-2)/(-2). Let n = u + t. What is the hundreds digit of n?
1
Let l = 112 + -96. What is the hundreds digit of 498/8*l/(-12)*-6?
4
Let b = 17297 - -23468. What is the tens digit of b?
6
Let b(m) = -m**2 - 3*m + 2803. Let k be b(0). Let q = k + -1541. What is the tens digit of q?
6
Let v be 1 - -1*4*-2. Let h(s) = -13*s - 17*s + 10 + 3*s**2 + 42*s - s**2. What is the tens digit of h(v)?
2
Let r be 20*211/(-12)*-3. Let v = -362 + r. What is the tens digit of v?
9
Let i be (-44)/33 - (-32)/6. Suppose -p - 15 = -i*y, y - 6*p = -p - 1. Suppose 0 = y*z - 3*z - 36. What is the units digit of z?
6
Let i = 2845 + -1594. Suppose -3600 = -7*b + i. What is the units digit of b?
3
What is the units digit of (0/(-1) - -2) + (-33350)/(-46) + 10?
7
Let b = 465 - 377. Suppose -28*l = -b - 3748. What is the units digit of l?
7
Suppose -2667*w + 2672*w - 3*r - 92163 = 0, 2*w = r + 36864. What is the units digit of w?
9
Let q be ((-8)/7)/(1 - (-9)/(-7)). Suppose -8*f + 9*f - q*f = 0. Suppose f = -2*o + 5*v + 192, 2*v + 8 = -o + 86. What is the tens digit of o?
8
Suppose z + 10 = 3*z. Suppose r - 2*r = -3. Suppose -r*x = -4*x + z. What is the units digit of x?
5
Let g = -102 - -124. Let r = 52 - g. What is the tens digit of (155/(-15))/((-2)/r)?
5
Let p(l) = 110*l**2 + 6*l - 1. Let f be p(1). What is the hundreds digit of 61456/f + 13/5 + -2?
5
Let t(v) = 302*v**3 + 8*v**2 - 9*v - 6. Let r(q) = 101*q**3 + 2*q**2 - 3*q - 2. Let b(o) = -7*r(o) + 2*t(o). What is the hundreds digit of b(-2)?
8
Let z = -69 - -255. Suppose -z = -4*x - 27*x. What is the units digit of x?
6
Let o = 533 - 531. Suppose x - 376 = -o*d, 2*x + 1540 = 6*x - d. What is the units digit of x?
4
Suppose w - 86 = -3*x - 0*w, 4*x - w = 110. Suppose -5*t = x + 2. What is the tens digit of 12/(-8) - 477/t?
7
Suppose 0*g - 245 = -5*g. Let j = -1140 - -1240. Let b = j - g. What is the tens digit of b?
5
Let u = 934 - 468. What is the tens digit of u + (8 - 6) - 4?
6
Suppose -190*m = -196*m + 402. Suppose 76*q - m*q - 5571 = 0. What is the tens digit of q?
1
What is the hundreds digit of (4/(-6))/((-260)/3485040)?
9
Let m be -6*(-1)/2 + -70. Let w = m - -37. What is the tens digit of (-1616)/w - (-16)/120?
5
Suppose -4*k = 0, 4*c + 2*k - 4560 = c. Suppose -41*b + c = -39*b. What is the units digit of b?
0
Suppose 4*r = -4*r - r. What is the tens digit of ((-780)/14)/(-13)*(r - -84)?
6
What is the units digit of (-2 + -9443)*6/(-15)?
8
Let l(g) = -23595*g**3 - 4*g**2 - 34*g - 31. What is the hundreds digit of l(-1)?
5
Let s = -57791 - -89008. What is the ten thousands digit of s?
3
Let y(f) = 5*f + 7*f**2 + 7*f - 6*f**2 + 14. Let h be y(-11). Suppose -h*l + 5*p + 162 = -2*l, 4*l = 4*p + 584. What is the hundreds digit of l?
1
Let s(k) be the first derivative of k**3 - 9*k**2 + 17*k + 35. What is the hundreds digit of s(14)?
3
Let u(r) = -882*r**3 + 2*r**2 + 4*r + 3. Let g be u(-1). Suppose 9*c = 4913 + g. What is the units digit of c?
4
Suppose 6*i + 2*t = 11336, 2*i = t + t + 3768. What is the tens digit of i?
8
What is the tens digit of 2996 - (-13 + 9)*(-3)/9*-3?
0
Suppose 5*o - 39307 = -3*c, 5*o + 0*c = -2*c + 39308. Suppose -3*k + 2335 = 3*w - 2393, w = 5*k - o. What is the tens digit of k?
7
Suppose b - w - 44612 = 0, 4*w + 218475 + 4585 = 5*b. What is the tens digit of ((-1)/(-4))/(19/b)?
8
Suppose -95*a - 7*a - 5*a = -1408334. What is the hundreds digit of a?
1
Let a be -6*(1 + 15/(-9)). Suppose -2 = a*u - 38. Let w(q) = 7*q + 26. What is the tens digit of w(u)?
8
Let m(n) = n + 1. Let i be m(2). What is the hundreds digit of -223*(i*1)/((-14)/28)?
3
Let x(c) = 11*c - 8. Let b be x(1). Suppose b*s - 63 = 21. What is the units digit of s?
8
Suppose -4*z = -0*z + 3*r - 8, 0 = -4*r. Suppose 2*g = -5*v + 127, -g + 0*g = z*v - 64. What is the tens digit of g?
6
Let n = -82 + 87. Suppose -527 = -n*w + 698. What is the units digit of w?
5
What is the hundreds digit of (-1814)/((50/20)/(-5))?
6
Let u = 16779 + -11826. What is the tens digit of u?
5
Let c(n) = -n + 6. Let y be c(8). Let z be 30/25*5/y - -3. Suppose z = -69*d + 70*d - 79. What is the tens digit of d?
7
Let g = 19928 - -820. What is the hundreds digit of g?
7
Let k(i) = -8*i - 22. Let w be k(-9). Suppose 7*p = 3711 - w. What is the units digit of p?
3
Suppose 2*c + 13 - 5 = 0, 0 = 3*b + 2*c - 7069. Suppose 19815 = 16*u + b. What is the units digit of u?
1
Let i = -6290 + 8310. What is the units digit of i?
0
Let s(g) = -12*g + 15. Let q(y) = -y**3 - 9*y**2 - 7. Let b = -28 - -19. Let o be q(b). What is the tens digit of s(o)?
9
Suppose -8 = -2*m, -2*w + 104*m - 99*m + 67872 = 0. What is the hundreds digit of w?
9
Suppose 249*m - 5003421 = 20*m. What is the thousands digit of m?
1
Let r(x) = -108*x**3 - 2*x**2 + x + 2. Suppose -4*i - 2*u + 4*u - 22 = 0, 4*i + 20 = 4*u. Let h be (-2)/2*-3*2/i. What is the units digit of r(h)?
7
Let p = -303 - -267. What is the hundreds digit of (-1722)/(-4)*p/(-27)?
5
Let u = 1331 - -7074. What is the tens digit of u?
0
Let y be (-5 - 0)*-1*(-4)/(-20). Let u be 2/y + 220 + 5 + -1. Let q = u + 32. What is the hundreds digit of q?
2
Let j(v) = 66*v**2 - 40*v - 5. Let q be j(2). Let w(m) = -2*m + 1. Let t be w(-2). Suppose 3*x + 273 = t*c - 202, x - q = -2*c. What is the tens digit of c?
9
Let f(r) be the first derivative of r**3/3 + 7*r**2/2 + 9*r + 283. What is the units digit of f(-7)?
9
Suppose 15*y = 33505 + 7337 + 32028. What is the tens digit of y?
5
Let i be ((12 - -297) + -11)*7. Suppose 4*y + 141 = 5*p + y, 3*p + y - 79 = 0. Suppose -p*f = -20*f - i. What is the units digit of f?
8
Let b = 6686 + -3338. What is the units digit of b?
8
Suppose -13*d - 2680 + 13457 = 0. Suppose 0 = 4*p - 5*a - d, p - 3*a = 6*p - 1027. What is the units digit of p?
6
What is the thousands digit of 132/55*(-10 - (-379750)/20)?
5
Suppose -1038 = -5*x + 4*m + 576, 323 = x - m. Let a = -74 + x. What is the units digit of a?
8
Let b(f) = 68*f**2 - 11*f - 51. Suppose 16 = -321*d + 317*d. What is the tens digit of b(d)?
8
Suppose 3*f - 13 = -2*o, 0*o + o - f = -6. Let z = 1 + 120. What is the hundreds digit of (4/1 - (-3)/o)*z?
1
Suppose -31*j + 78496 = -8*j - 60539. What is the hundreds digit of j?
0
Suppose -7*r - 14 = -9*r. Suppose r*w = 2*w. Suppose a - 9*a + 1264 = w. What is the tens digit of a?
5
Suppose -2*x + 2*i - 108 = 3*x, 3*i - 72 = 3*x. Let n = -20 - x. Suppose 2*z - 7*z + 90 = n. What is the tens digit of z?
1
What is the units digit of (-2*(-2)/8)/2 + (-852774)/(-104)?
0
Let j be (70/(-6))/(7/84*-4). Suppose 0 = -38*d + j*d + 141. What is the tens digit of d?
4
Let w(f) = 462*f + 6. Let p be w(2). Let i = p - -241. What is the tens digit of i?
7
Let g(o) = 1150*o + 3632. What is the units digit of g(63)?
2
Let m(b) = -726*b**3 - b**2 - 226*b - 226. What is the tens digit of m(-1)?
2
Let q = 1 + -11. What is the hundreds digit of 268/q*765/(-18)?
1
Suppose 87*g + 13096 = 92699 + 12791. What is the thousands digit of g?
1
Let x(w) = -74*w - 57. Let k = -325 + 316. What is the hundreds digit of x(k)?
6
Let m be (12/(-14))/((-1)/63). Let d = m - 51. Suppose 0 = -d*v + 9, 0*f + 4*v = -f + 50. What is the tens digit of f?
3
Suppose -2*l = 5*j - 15, 2*j + 3*j = l + 30. Suppose -2*d = 5*b - 85, -4*b - 1 + j = 0. Suppose 4*r + d = m - r, -2*r = -m + 31. What is the tens digit of m?
2
Let d = 95814 - 56856. What is the units digit of d?
8
Let q(c) = -4*c**2 + 72*c + 38. Let x be q(25). Let n = -342 - x. What is the tens digit of n?
2
Le